inder when 254 is divided by -4*((-3 - 126/120) + 24/(-20)).
2
Let s(k) = 5*k**3 - 3*k**2 + 2*k. Let o be s(1). Calculate the remainder when 54 is divided by ((-5)/o)/((-9)/108).
9
Let y(d) = -d**3 + 299*d**2 + 850*d + 16989. Calculate the remainder when y(302) is divided by 29 - 2/(-2*1).
17
Suppose 0*a = -9*a + 144. Let f(t) = 144*t**2 + 2. Let m be f(2). What is the remainder when m/10 + 1/5 is divided by a?
10
Suppose 8593*s - 8660*s = -150884. Calculate the remainder when 2252 is divided by s.
0
What is the remainder when 2*166*13/13 is divided by 43?
31
Let l(v) = 29*v - 92. Calculate the remainder when 62 is divided by l(4).
14
Suppose 3*m - 5*m + 1032 = 4*f, 4*f - 1044 = m. Let w = 2044 - 2035. Calculate the remainder when f is divided by w.
8
Calculate the remainder when 130 is divided by 52 + (-7 - -11)*4.
62
Let o be (-8)/(-64) + 14373/24. Suppose 0 = -10*c + 10301 + o. What is the remainder when c is divided by 52?
50
Let x(h) = h**3 - 6*h**2 + 3. Let c be (-5 - -3)/(3 + -2 - -1). Let d(z) = -12*z + 6. What is the remainder when x(7) is divided by d(c)?
16
Let u(a) = -4*a**2 + 36*a + 399. What is the remainder when u(13) is divided by 77?
37
Let j = -2630 + 3088. Calculate the remainder when j is divided by 148.
14
Calculate the remainder when (-17 - -16) + 51435/25 + (-9)/(-15) is divided by 35.
27
Let k = 8 + -6. Suppose -5*g - 769 = -4*s, -4*s - g + 781 = -k*g. Let v = 18953 + -18931. Calculate the remainder when s is divided by v.
20
Suppose -5*r = -3*x + 106, -r - 9 = -13. What is the remainder when 2434 is divided by x?
40
Let i(x) = 20*x - 85. What is the remainder when 716 is divided by i(5)?
11
Let q(w) = w**3 + 10*w**2 + 7*w + 20. Let a be q(-10). Let t = a - -7. Let x = t + 59. Calculate the remainder when 61 is divided by x.
13
Let s = 32799 + -32780. What is the remainder when 898 is divided by s?
5
Let t(k) = -k**3 + 6*k**2 + 3*k - 4. Suppose 90*v + 104 = 94*v - 3*r, -30*r = -v - 208. Calculate the remainder when t(-6) is divided by v.
26
Let g be 30/12 - 1/2. Suppose -g*s + o = -373, 5*o = 5*s - 0*o - 940. Calculate the remainder when s is divided by 48.
41
Let c = 46 + -44. Suppose -2*t + 3*n = 118, t + c*t - 4*n = -175. Let i = t + 176. Calculate the remainder when i is divided by 9.
6
Let o(d) = -423*d**3 + 3*d**2 - 15*d - 15. What is the remainder when o(-1) is divided by 224?
202
Let m(o) = 23*o - 2472. Calculate the remainder when 262 is divided by m(115).
89
Suppose 22*o = 80*o - 2320. Calculate the remainder when 1558 is divided by o.
38
Let b(t) = -t**3 + 16*t**2 + 2*t - 20. Let p be b(16). Let d(y) = -y**2 + 12*y + 23. Suppose 3*j - 712 = -301. What is the remainder when j is divided by d(p)?
22
Let u(y) = -303 - 4*y + 50*y + 199. Calculate the remainder when 167 is divided by u(3).
31
Let o be (60/40)/(1/(-2)). Calculate the remainder when (-4892)/(-12) + 5/o is divided by 4.
2
Suppose 0 = 3*v - 90 - 72. Suppose -36*r - 1440 = -45*r. What is the remainder when r is divided by v?
52
Let y = 2841 - 2781. What is the remainder when 177 is divided by y?
57
Let t be 9/(-7) + (36/(-21) - -2). What is the remainder when 19 is divided by 9 - (1 - (3 + t))?
9
Suppose 2*n - l = 381, 79*n - 80*n - 3*l = -159. Let m = 9 + 8. Calculate the remainder when n is divided by m.
16
Suppose d = 19 + 33. What is the remainder when d is divided by 389 - 387 - (-8 + 0/3) - (-32 - -1)?
11
Let y(r) = r**2 - 7*r - 63. Calculate the remainder when y(-14) is divided by 58.
57
Suppose 0 = 3*r - 2 - 7. Calculate the remainder when 184 - 1 - (-12 - -11) is divided by r/(-2) - (-260)/8.
29
Suppose -14*a = 1788 - 3888. Calculate the remainder when a is divided by 66.
18
Suppose 78 + 3 = 3*w + 5*b, -b = -3. What is the remainder when 1*(10 + -1)*2 is divided by (20 + 1)/(w + -19) - -5?
6
Suppose -4*w + 2*v - 7228 = 0, 3*v - 1691 = 5*w + 7346. Let k = -1156 - w. Suppose -k = 10*b - 21*b. What is the remainder when b is divided by 25?
9
Let x(y) = 100*y + 4214. Calculate the remainder when x(-42) is divided by 5.
4
Let s = 91 + -86. Suppose 0 = -4*f + f - s*z + 120, 0 = f - 5*z - 20. What is the remainder when 313 is divided by f?
33
Suppose -3*j + 4*r + 385 = 0, -4*r + 21 - 1 = 0. Suppose -j + 512 = 29*v. What is the remainder when 51 is divided by v?
12
Let l be (1 + 1)/1 + 2. Let o = -78037 - -78049. Calculate the remainder when o is divided by (3/l)/((-1)/(-4)).
0
Suppose 3*b + 3*l - 180 = -9, 5*b + 2*l = 297. Suppose 0 = b*q - 1840 + 71. Calculate the remainder when q is divided by (1 + 0)*(-15)/(-1).
14
What is the remainder when 560 is divided by 47519/305 - -9*1/(-5)?
98
Suppose -54*i + 4*v + 346 = -52*i, 5*v - 145 = -i. What is the remainder when 460 is divided by i?
130
Let v(n) = -n**3 + 573*n - 25 + 0*n**3 + 5*n**2 - 557*n + 7*n**2. Calculate the remainder when 81 is divided by v(13).
11
Suppose -435 - 2351 = -37*c - 566. What is the remainder when 654 is divided by c?
54
Suppose -5*h + 1080 = -5*i, 0*i + 4*i = -3*h + 627. Let g = h - 190. What is the remainder when 44 is divided by g?
21
Suppose -i + 2*v - 113 = 0, 2*v = 3*i + 140 + 199. Let p = i - -128. What is the remainder when p is divided by (2/5)/(1/25)?
5
Let n be (2 - -1)/((-24)/(-416)). Let i = n + -51. What is the remainder when 25 is divided by -13*1*(1 - 2)*i?
12
Suppose d = 6*d - 380. Let u = -19 + d. Let i = -17 + 37. Calculate the remainder when u is divided by i.
17
Suppose -25*m - 2*m + 7392 = 15*m. What is the remainder when 561 is divided by m?
33
Let f = -615 + 636. Suppose -1400 = w - f*w. Let b(y) = 2*y + 4. Calculate the remainder when w is divided by b(4).
10
Suppose -2*f + 9730 = 5*h, -h - 8139 = -3*f + 6473. Calculate the remainder when f is divided by 56.
54
Let y be (-266655)/174*(-2)/5. Suppose -39*l + y = -323. What is the remainder when 95 is divided by l?
23
What is the remainder when 349 is divided by ((-2)/8)/(((-375)/(-195) + -2)/8)?
11
Suppose -5*z = 5*m - 51 - 134, -5*z - 60 = -2*m. Let w(l) = -59*l + 114. Let k be w(2). What is the remainder when (-40)/(-5) + k + 238 is divided by m?
32
What is the remainder when (3 + -3)/(-13 + 14) + 3035 is divided by 19?
14
Calculate the remainder when 233223/68 + ((-15)/(-12) - (0 - -1)) is divided by 52.
50
Suppose 3*z - 3*o - 3 = 0, -13 = 6*z - 4*z + o. Suppose 0 = -5*g + 2*s + 8, 4*s - 5 = -s. What is the remainder when 73 is divided by z - ((-46)/1)/g?
16
Suppose m = -0*m - 4. Let c be (m/(-8) - 2)*(2 - 6). What is the remainder when -2 - 0 - (1728/c)/(-6) is divided by 16?
14
Suppose -10*b = 315*b - 10725. What is the remainder when 4025 is divided by b?
32
Let j = -2455 - -2464. Calculate the remainder when 107 is divided by j.
8
Suppose -116*b = -112*b. Suppose 3*r - l = 7*r - 65, 3*r + l - 48 = b. What is the remainder when 264 is divided by r?
9
Let p = -61 - -69. Let t(k) = -k**2 + 12*k - 20. Calculate the remainder when 39 is divided by t(p).
3
Let i be 1710/133 + (1 - (-12)/(-14)). Let s(g) = -g**3 + 14*g**2 - 11*g - 8. Calculate the remainder when 105 is divided by s(i).
15
Suppose -121 = -2*z + 5*w + 31, -5*z - 2*w = -409. Suppose 8*y = 71 + z. Let j(s) = 6*s**2 - 4*s + 1. What is the remainder when j(5) is divided by y?
17
Let d(t) = -t**2 + 51*t - 142. What is the remainder when d(21) is divided by 32?
8
Suppose -10*m + 7*m + 57 = 0. Suppose -2*q + t = -69, 53 = 2*q - 4*t - 1. Calculate the remainder when q is divided by m.
18
Suppose 5*a + 3*k + 2 = 6, -k + 5 = -2*a. What is the remainder when 108 is divided by 6 + a + 5*10?
53
Let z = -9819 + 10402. What is the remainder when z is divided by 153?
124
Let j(k) = 182*k**2 + 21*k + 18. Suppose a = -z - 4*a + 21, 2*a = 2*z - 102. What is the remainder when j(-1) is divided by z?
41
Let a = 0 + -2. What is the remainder when 100/3 - a/3 is divided by (7 - -7)/(-2) - -11?
2
Let t(a) = 2*a**2 - 31*a + 133. Let q be t(6). Suppose -156 = -4*p - 4*l, -2*p + 2*l + q = -47. Calculate the remainder when p is divided by 4/(2/5 + 0).
6
Let j(p) = -826*p - 3162. What is the remainder when j(-10) is divided by 34?
32
Suppose -4*t = t - 123 - 42. Let o = 21 + -2. What is the remainder when t is divided by o?
14
Let r = 1433 - 692. What is the remainder when r is divided by 8?
5
Let t(f) be the second derivative of f**4/6 - 3*f**3 + 14*f. Let k be t